{"id":133,"date":"2023-09-30T00:44:37","date_gmt":"2023-09-30T03:44:37","guid":{"rendered":"https:\/\/mahled.com\/?page_id=133"},"modified":"2025-11-20T18:18:53","modified_gmt":"2025-11-20T21:18:53","slug":"instalacion","status":"publish","type":"page","link":"https:\/\/mahled.com\/index.php\/instalacion\/","title":{"rendered":"Nosotros"},"content":{"rendered":"\t\t<div data-elementor-type=\"wp-page\" data-elementor-id=\"133\" class=\"elementor elementor-133\" data-elementor-post-type=\"page\">\n\t\t\t\t<div class=\"elementor-element elementor-element-5e33e69 e-flex e-con-boxed e-con e-parent\" data-id=\"5e33e69\" data-element_type=\"container\" data-settings=\"{&quot;background_background&quot;:&quot;slideshow&quot;,&quot;background_slideshow_gallery&quot;:[{&quot;id&quot;:16,&quot;url&quot;:&quot;https:\\\/\\\/mahled.com\\\/wp-content\\\/uploads\\\/2023\\\/09\\\/19059339.png&quot;}],&quot;background_slideshow_slide_transition&quot;:&quot;slide_right&quot;,&quot;shape_divider_top&quot;:&quot;arrow&quot;,&quot;shape_divider_bottom&quot;:&quot;curve&quot;,&quot;background_slideshow_loop&quot;:&quot;yes&quot;,&quot;background_slideshow_slide_duration&quot;:5000,&quot;background_slideshow_transition_duration&quot;:500}\">\n\t\t\t\t\t<div class=\"e-con-inner\">\n\t\t\t\t<div class=\"elementor-shape elementor-shape-top\" aria-hidden=\"true\" data-negative=\"false\">\n\t\t\t<svg xmlns=\"http:\/\/www.w3.org\/2000\/svg\" viewBox=\"0 0 700 10\" preserveAspectRatio=\"none\">\n\t<path class=\"elementor-shape-fill\" d=\"M350,10L340,0h20L350,10z\"\/>\n<\/svg>\t\t<\/div>\n\t\t\t\t<div class=\"elementor-shape elementor-shape-bottom\" aria-hidden=\"true\" data-negative=\"false\">\n\t\t\t<svg xmlns=\"http:\/\/www.w3.org\/2000\/svg\" viewBox=\"0 0 1000 100\" preserveAspectRatio=\"none\">\n    <path class=\"elementor-shape-fill\" d=\"M1000,4.3V0H0v4.3C0.9,23.1,126.7,99.2,500,100S1000,22.7,1000,4.3z\"\/>\n<\/svg>\t\t<\/div>\n\t\t\t\t<div class=\"elementor-element elementor-element-db4aa19 elementor-widget__width-initial elementor-absolute elementor-widget elementor-widget-heading\" data-id=\"db4aa19\" data-element_type=\"widget\" data-settings=\"{&quot;_position&quot;:&quot;absolute&quot;}\" data-widget_type=\"heading.default\">\n\t\t\t\t<div class=\"elementor-widget-container\">\n\t\t\t\t\t<h2 class=\"elementor-heading-title elementor-size-default\">Instalaci\u00f3n<\/h2>\t\t\t\t<\/div>\n\t\t\t\t<\/div>\n\t\t\t\t\t<\/div>\n\t\t\t\t<\/div>\n\t\t<div class=\"elementor-element elementor-element-9ed7c4d e-flex e-con-boxed e-con e-parent\" data-id=\"9ed7c4d\" data-element_type=\"container\">\n\t\t\t\t\t<div class=\"e-con-inner\">\n\t\t\t\t\t<\/div>\n\t\t\t\t<\/div>\n\t\t<div class=\"elementor-element elementor-element-2c95142 e-con-full e-flex e-con e-parent\" data-id=\"2c95142\" data-element_type=\"container\" data-settings=\"{&quot;background_background&quot;:&quot;classic&quot;}\">\n\t\t<div class=\"elementor-element elementor-element-1e84cf2 e-con-full e-flex e-con e-child\" data-id=\"1e84cf2\" data-element_type=\"container\">\n\t\t\t\t<div class=\"elementor-element elementor-element-b6a7629 elementor-widget__width-initial elementor-widget elementor-widget-text-editor\" data-id=\"b6a7629\" data-element_type=\"widget\" data-widget_type=\"text-editor.default\">\n\t\t\t\t<div class=\"elementor-widget-container\">\n\t\t\t\t\t\t\t\t\t<p>&#8220;En Mahled, la luz no es solo un producto; es una expresi\u00f3n de calidad, innovaci\u00f3n y respeto por el mundo que compartimos.&#8221;<\/p>\t\t\t\t\t\t\t\t<\/div>\n\t\t\t\t<\/div>\n\t\t\t\t<\/div>\n\t\t\t\t<\/div>\n\t\t<div class=\"elementor-element elementor-element-93b1e34 e-grid e-con-boxed e-con e-parent\" data-id=\"93b1e34\" data-element_type=\"container\">\n\t\t\t\t\t<div class=\"e-con-inner\">\n\t\t\t\t\t<\/div>\n\t\t\t\t<\/div>\n\t\t<div class=\"elementor-element elementor-element-d65ce1e e-flex e-con-boxed e-con e-parent\" data-id=\"d65ce1e\" data-element_type=\"container\">\n\t\t\t\t\t<div class=\"e-con-inner\">\n\t\t\t\t<div class=\"elementor-element elementor-element-4289c56 elementor-widget__width-initial elementor-fixed elementor-widget elementor-widget-image\" data-id=\"4289c56\" data-element_type=\"widget\" data-settings=\"{&quot;_position&quot;:&quot;fixed&quot;}\" data-widget_type=\"image.default\">\n\t\t\t\t<div class=\"elementor-widget-container\">\n\t\t\t\t\t\t\t\t\t\t\t\t\t\t\t<img fetchpriority=\"high\" decoding=\"async\" width=\"666\" height=\"672\" src=\"https:\/\/mahled.com\/wp-content\/uploads\/2023\/09\/ab5bbae9-69fd-4e66-8897-079056acc26b.png\" class=\"attachment-large size-large wp-image-822\" alt=\"\" srcset=\"https:\/\/mahled.com\/wp-content\/uploads\/2023\/09\/ab5bbae9-69fd-4e66-8897-079056acc26b.png 666w, https:\/\/mahled.com\/wp-content\/uploads\/2023\/09\/ab5bbae9-69fd-4e66-8897-079056acc26b-297x300.png 297w, https:\/\/mahled.com\/wp-content\/uploads\/2023\/09\/ab5bbae9-69fd-4e66-8897-079056acc26b-150x150.png 150w\" sizes=\"(max-width: 666px) 100vw, 666px\" \/>\t\t\t\t\t\t\t\t\t\t\t\t\t\t\t<\/div>\n\t\t\t\t<\/div>\n\t\t\t\t\t<\/div>\n\t\t\t\t<\/div>\n\t\t\t\t<\/div>\n\t\t","protected":false},"excerpt":{"rendered":"<p>Instalaci\u00f3n &#8220;En Mahled, la luz no es solo un producto; es una expresi\u00f3n de calidad, innovaci\u00f3n y respeto por el mundo que compartimos.&#8221;<\/p>\n","protected":false},"author":1,"featured_media":0,"parent":0,"menu_order":3,"comment_status":"closed","ping_status":"closed","template":"","meta":{"footnotes":""},"class_list":["post-133","page","type-page","status-publish","hentry"],"_links":{"self":[{"href":"https:\/\/mahled.com\/index.php\/wp-json\/wp\/v2\/pages\/133"}],"collection":[{"href":"https:\/\/mahled.com\/index.php\/wp-json\/wp\/v2\/pages"}],"about":[{"href":"https:\/\/mahled.com\/index.php\/wp-json\/wp\/v2\/types\/page"}],"author":[{"embeddable":true,"href":"https:\/\/mahled.com\/index.php\/wp-json\/wp\/v2\/users\/1"}],"replies":[{"embeddable":true,"href":"https:\/\/mahled.com\/index.php\/wp-json\/wp\/v2\/comments?post=133"}],"version-history":[{"count":45,"href":"https:\/\/mahled.com\/index.php\/wp-json\/wp\/v2\/pages\/133\/revisions"}],"predecessor-version":[{"id":833,"href":"https:\/\/mahled.com\/index.php\/wp-json\/wp\/v2\/pages\/133\/revisions\/833"}],"wp:attachment":[{"href":"https:\/\/mahled.com\/index.php\/wp-json\/wp\/v2\/media?parent=133"}],"curies":[{"name":"wp","href":"https:\/\/api.w.org\/{rel}","templated":true}]}}